{"id":200,"date":"2022-07-19T18:00:44","date_gmt":"2022-07-19T16:00:44","guid":{"rendered":"http:\/\/osteopathe-barral-franconville.com\/?page_id=200"},"modified":"2022-08-23T17:39:41","modified_gmt":"2022-08-23T15:39:41","slug":"traitement-du-rhumatisme-a-franconville-dans-le-valdoise","status":"publish","type":"page","link":"https:\/\/osteopathe-barral-franconville.com\/index.php\/traitement-du-rhumatisme-a-franconville-dans-le-valdoise\/","title":{"rendered":"Un ost\u00e9opathe prend en charge des personnes ag\u00e9es et traitement du rhumatisme \u00e0 Franconville."},"content":{"rendered":"\n<p>Ost\u00e9opathe D.O \u00e0 Franconville dans le Val d&rsquo;Oise intervenant dans le traitement des rhumatisme, Pierre Barral s&rsquo;occupe des personnes \u00e2g\u00e9es afin de permettre la meilleure sant\u00e9 et le confort pour les personnes ag\u00e9es.<\/p>\n\n\n\n<div class=\"wp-block-media-text is-stacked-on-mobile\" style=\"grid-template-columns:33% auto\"><figure class=\"wp-block-media-text__media\"><img loading=\"lazy\" decoding=\"async\" width=\"1024\" height=\"683\" src=\"https:\/\/osteopathe-barral-franconville.com\/wp-content\/uploads\/2022\/07\/seniors-1024x683.jpg\" alt=\"personne ag\u00e9 et ost\u00e9opathe\" class=\"wp-image-261 size-full\" srcset=\"https:\/\/osteopathe-barral-franconville.com\/wp-content\/uploads\/2022\/07\/seniors-1024x683.jpg 1024w, https:\/\/osteopathe-barral-franconville.com\/wp-content\/uploads\/2022\/07\/seniors-300x200.jpg 300w, https:\/\/osteopathe-barral-franconville.com\/wp-content\/uploads\/2022\/07\/seniors-768x512.jpg 768w, https:\/\/osteopathe-barral-franconville.com\/wp-content\/uploads\/2022\/07\/seniors-1536x1024.jpg 1536w, https:\/\/osteopathe-barral-franconville.com\/wp-content\/uploads\/2022\/07\/seniors-2048x1365.jpg 2048w, https:\/\/osteopathe-barral-franconville.com\/wp-content\/uploads\/2022\/07\/seniors-360x240.jpg 360w\" sizes=\"auto, (max-width: 1024px) 100vw, 1024px\" \/><\/figure><div class=\"wp-block-media-text__content\">\n<p>A partir d&rsquo;un certain \u00e2ge, le corps humain est moins r\u00e9actif face aux agressions. Les maladies ou les chocs laissent une empreinte plus profonde affectant la vie. Si notre esp\u00e9rance de vie n&rsquo;a cess\u00e9 de croitre elle n&rsquo;a pas garanti un confort de vie tout au long celle ci. L&rsquo;ost\u00e9opathie, permet de redonner au corps les moyens d&rsquo;exprimer la sant\u00e9 afin de pouvoir vivre dans le meilleur confort possible.<\/p>\n<\/div><\/div>\n\n\n\n<h2 class=\"wp-block-heading\" style=\"font-size:30px\"><strong>Jusqu&rsquo;\u00e0 quel \u00e2ge peut-on consulter ?<\/strong><\/h2>\n\n\n\n<p>L&rsquo;ost\u00e9opathie peut s&rsquo;adapter \u00e0 tout type de patient c&rsquo;est pourquoi l&rsquo;ost\u00e9opathe peut prendre en un patient de sa naissance jusqu&rsquo;\u00e0 plus de cent ans. Il n&rsquo;y a donc pas de limite d&rsquo;\u00e2ge, l&rsquo;ost\u00e9opathe lors de la consultation posera les questions n\u00e9cessaire pour conna\u00eetre les pr\u00e9cautions \u00e0 prendre dans sa prise en charge.<\/p>\n\n\n\n<p>Pour les m\u00eames raisons, il n&rsquo;y a pas de v\u00e9ritables contre-indications. Cependant, il existe certains cas o\u00f9 la consultation devra \u00eatre report\u00e9e (dans le cas d&rsquo;une fracture non gu\u00e9rie ou d&rsquo;une suspicion de certaines pathologies par exemple). L&rsquo;ost\u00e9opathe saura vous renseigner et vous orienter vers la meilleure prise en charge pour vos besoins si votre probl\u00e8me ne relevait pas de sa comp\u00e9tence.<\/p>\n\n\n\n<h2 class=\"wp-block-heading\" style=\"font-size:30px\"><strong>Quand les personnes ag\u00e9es doivent-elles consulter un ost\u00e9opathe?<\/strong><\/h2>\n\n\n\n<p>Les personnes \u00e2g\u00e9es peuvent consulter un ost\u00e9opathe pour les m\u00eames raisons qu&rsquo;une personne plus jeune. N\u00e9anmoins nous en ajouterons une, la r\u00e9cup\u00e9ration.<\/p>\n\n\n\n<ul class=\"wp-block-list\"><li><strong><a href=\"https:\/\/osteopathe-barral-franconville.com\/index.php\/votre-suivi-preventif-en-osteopathie-a-franconville\/\" target=\"_blank\" rel=\"noreferrer noopener\">Le pr\u00e9ventif<\/a><\/strong><\/li><\/ul>\n\n\n\n<p>Il est recommand\u00e9 de faire une \u00e0 deux consultations par an m\u00eame si tout va bien. Le corps a la capacit\u00e9 de compenser une dysfonction. Mais cette capacit\u00e9 \u00e0 une limite, l&rsquo;ost\u00e9opathie permet au corps de r\u00e9cup\u00e9rer toute sa mobilit\u00e9 enlevant les diff\u00e9rentes dysfonctions. Cela permet l&rsquo;apparition de sympt\u00f4mes douloureux.<\/p>\n\n\n\n<ul class=\"wp-block-list\"><li><strong>La prise en charge d&rsquo;une pathologie<\/strong><\/li><\/ul>\n\n\n\n<p>La maladie peut s&rsquo;exprimer de diff\u00e9rentes mani\u00e8res, la douleur articulaire, les remont\u00e9s acides, les troubles digestifs. L&rsquo;ost\u00e9opathie permet de rendre de la mobilit\u00e9 aux diff\u00e9rentes structures afin de permettre au corps de prendre en charge au mieux les diff\u00e9rents probl\u00e8mes auxquels le corps est confront\u00e9.<\/p>\n\n\n\n<ul class=\"wp-block-list\"><li><strong>La r\u00e9cup\u00e9ration d&rsquo;un accident ou d&rsquo;une maladie<\/strong><\/li><\/ul>\n\n\n\n<p>Les personnes \u00e2g\u00e9es ont plus de difficult\u00e9s \u00e0 r\u00e9cup\u00e9rer \u00e0 la suite d&rsquo;un accident ou d&rsquo;une maladie comme la grippe. L&rsquo;ost\u00e9opathie peut aider \u00e0 traiter les s\u00e9quelles de certaines pathologies et permettre une meilleure r\u00e9cup\u00e9ration. Ces affaiblissements peuvent mener vers des issues tragiques et une grande fatigue. il est important d&rsquo;y apporter une r\u00e9ponse.<\/p>\n\n\n\n<h2 class=\"wp-block-heading\" style=\"font-size:30px\"><strong>L&rsquo;ost\u00e9opathie peut-elle intervenir dans le traitement du rhumatisme ?<\/strong><\/h2>\n\n\n\n<p>Les maladies rhumatismales deviennent de plus en plus fr\u00e9quentes chez les personnes \u00e2g\u00e9es. Il n&rsquo;est pas rare \u00e0 partir d&rsquo;un certain \u00e2ge d&rsquo;avoir de l&rsquo;arthrose par exemple. D&rsquo;autres maladies chroniques du m\u00eame type peuvent apparaitre \u00e9galement. L&rsquo;ost\u00e9opathie ne permet malheureusement pas de les gu\u00e9rir. En revanche elle peut diminuer les sympt\u00f4mes et am\u00e9liorer consid\u00e9rablement la qualit\u00e9 de vie. La majeure partie de ces maladies sont li\u00e9es \u00e0 des \u00e9tats inflammatoires. Votre ost\u00e9opathe \u00e0 Sannois, en redonnant de la mobilit\u00e9 aux structures permet une meilleure gestion des r\u00e9ponses inflammatoire du corps. Les articulations sont moins raides et moins douloureuses.<\/p>\n\n\n\n<p>Dans certains cas l&rsquo;am\u00e9lioration peut aller de la diminution de la prise de m\u00e9dicament antidouleur ou anti-inflammatoire jusqu&rsquo;\u00e0 la disparition compl\u00e8te des sympt\u00f4mes.<\/p>\n","protected":false},"excerpt":{"rendered":"<p>Ost\u00e9opathe D.O \u00e0 Franconville dans le Val d&rsquo;Oise intervenant dans le traitement des rhumatisme, Pierre Barral s&rsquo;occupe des personnes \u00e2g\u00e9es afin de permettre la meilleure sant\u00e9 et le confort pour les personnes ag\u00e9es. A partir d&rsquo;un certain \u00e2ge, le corps humain est moins r\u00e9actif face aux agressions. Les maladies ou [&hellip;]<\/p>\n","protected":false},"author":1,"featured_media":0,"parent":0,"menu_order":0,"comment_status":"closed","ping_status":"closed","template":"","meta":{"footnotes":""},"class_list":["post-200","page","type-page","status-publish","hentry"],"yoast_head":"<!-- This site is optimized with the Yoast SEO plugin v27.4 - https:\/\/yoast.com\/product\/yoast-seo-wordpress\/ -->\n<title>Un ost\u00e9opathe prend en charge des personnes ag\u00e9es et traitement du rhumatisme \u00e0 Franconville. -<\/title>\n<meta name=\"description\" content=\"L&#039;ost\u00e9opathe peut prendre en charge les personnes ag\u00e9es. Le temps fragilise et ces bienfaits en sont d&#039;autant plus appr\u00e9ciables\" \/>\n<meta name=\"robots\" content=\"index, follow, max-snippet:-1, max-image-preview:large, max-video-preview:-1\" \/>\n<link rel=\"canonical\" href=\"https:\/\/osteopathe-barral-franconville.com\/index.php\/traitement-du-rhumatisme-a-franconville-dans-le-valdoise\/\" \/>\n<meta property=\"og:locale\" content=\"fr_FR\" \/>\n<meta property=\"og:type\" content=\"article\" \/>\n<meta property=\"og:title\" content=\"Un ost\u00e9opathe prend en charge des personnes ag\u00e9es et traitement du rhumatisme \u00e0 Franconville. -\" \/>\n<meta property=\"og:description\" content=\"L&#039;ost\u00e9opathe peut prendre en charge les personnes ag\u00e9es. Le temps fragilise et ces bienfaits en sont d&#039;autant plus appr\u00e9ciables\" \/>\n<meta property=\"og:url\" content=\"https:\/\/osteopathe-barral-franconville.com\/index.php\/traitement-du-rhumatisme-a-franconville-dans-le-valdoise\/\" \/>\n<meta property=\"article:modified_time\" content=\"2022-08-23T15:39:41+00:00\" \/>\n<meta property=\"og:image\" content=\"https:\/\/osteopathe-barral-franconville.com\/wp-content\/uploads\/2022\/07\/seniors-1024x683.jpg\" \/>\n<meta name=\"twitter:card\" content=\"summary_large_image\" \/>\n<meta name=\"twitter:label1\" content=\"Dur\u00e9e de lecture estim\u00e9e\" \/>\n\t<meta name=\"twitter:data1\" content=\"3 minutes\" \/>\n<script type=\"application\/ld+json\" class=\"yoast-schema-graph\">{\"@context\":\"https:\\\/\\\/schema.org\",\"@graph\":[{\"@type\":\"WebPage\",\"@id\":\"https:\\\/\\\/osteopathe-barral-franconville.com\\\/index.php\\\/traitement-du-rhumatisme-a-franconville-dans-le-valdoise\\\/\",\"url\":\"https:\\\/\\\/osteopathe-barral-franconville.com\\\/index.php\\\/traitement-du-rhumatisme-a-franconville-dans-le-valdoise\\\/\",\"name\":\"Un ost\u00e9opathe prend en charge des personnes ag\u00e9es et traitement du rhumatisme \u00e0 Franconville. -\",\"isPartOf\":{\"@id\":\"https:\\\/\\\/osteopathe-barral-franconville.com\\\/#website\"},\"primaryImageOfPage\":{\"@id\":\"https:\\\/\\\/osteopathe-barral-franconville.com\\\/index.php\\\/traitement-du-rhumatisme-a-franconville-dans-le-valdoise\\\/#primaryimage\"},\"image\":{\"@id\":\"https:\\\/\\\/osteopathe-barral-franconville.com\\\/index.php\\\/traitement-du-rhumatisme-a-franconville-dans-le-valdoise\\\/#primaryimage\"},\"thumbnailUrl\":\"https:\\\/\\\/osteopathe-barral-franconville.com\\\/wp-content\\\/uploads\\\/2022\\\/07\\\/seniors-1024x683.jpg\",\"datePublished\":\"2022-07-19T16:00:44+00:00\",\"dateModified\":\"2022-08-23T15:39:41+00:00\",\"description\":\"L'ost\u00e9opathe peut prendre en charge les personnes ag\u00e9es. Le temps fragilise et ces bienfaits en sont d'autant plus appr\u00e9ciables\",\"breadcrumb\":{\"@id\":\"https:\\\/\\\/osteopathe-barral-franconville.com\\\/index.php\\\/traitement-du-rhumatisme-a-franconville-dans-le-valdoise\\\/#breadcrumb\"},\"inLanguage\":\"fr-FR\",\"potentialAction\":[{\"@type\":\"ReadAction\",\"target\":[\"https:\\\/\\\/osteopathe-barral-franconville.com\\\/index.php\\\/traitement-du-rhumatisme-a-franconville-dans-le-valdoise\\\/\"]}]},{\"@type\":\"ImageObject\",\"inLanguage\":\"fr-FR\",\"@id\":\"https:\\\/\\\/osteopathe-barral-franconville.com\\\/index.php\\\/traitement-du-rhumatisme-a-franconville-dans-le-valdoise\\\/#primaryimage\",\"url\":\"https:\\\/\\\/osteopathe-barral-franconville.com\\\/wp-content\\\/uploads\\\/2022\\\/07\\\/seniors-1024x683.jpg\",\"contentUrl\":\"https:\\\/\\\/osteopathe-barral-franconville.com\\\/wp-content\\\/uploads\\\/2022\\\/07\\\/seniors-1024x683.jpg\"},{\"@type\":\"BreadcrumbList\",\"@id\":\"https:\\\/\\\/osteopathe-barral-franconville.com\\\/index.php\\\/traitement-du-rhumatisme-a-franconville-dans-le-valdoise\\\/#breadcrumb\",\"itemListElement\":[{\"@type\":\"ListItem\",\"position\":1,\"name\":\"Accueil\",\"item\":\"https:\\\/\\\/osteopathe-barral-franconville.com\\\/\"},{\"@type\":\"ListItem\",\"position\":2,\"name\":\"Un ost\u00e9opathe prend en charge des personnes ag\u00e9es et traitement du rhumatisme \u00e0 Franconville.\"}]},{\"@type\":\"WebSite\",\"@id\":\"https:\\\/\\\/osteopathe-barral-franconville.com\\\/#website\",\"url\":\"https:\\\/\\\/osteopathe-barral-franconville.com\\\/\",\"name\":\"\",\"description\":\"\",\"potentialAction\":[{\"@type\":\"SearchAction\",\"target\":{\"@type\":\"EntryPoint\",\"urlTemplate\":\"https:\\\/\\\/osteopathe-barral-franconville.com\\\/?s={search_term_string}\"},\"query-input\":{\"@type\":\"PropertyValueSpecification\",\"valueRequired\":true,\"valueName\":\"search_term_string\"}}],\"inLanguage\":\"fr-FR\"}]}<\/script>\n<!-- \/ Yoast SEO plugin. -->","yoast_head_json":{"title":"Un ost\u00e9opathe prend en charge des personnes ag\u00e9es et traitement du rhumatisme \u00e0 Franconville. -","description":"L'ost\u00e9opathe peut prendre en charge les personnes ag\u00e9es. Le temps fragilise et ces bienfaits en sont d'autant plus appr\u00e9ciables","robots":{"index":"index","follow":"follow","max-snippet":"max-snippet:-1","max-image-preview":"max-image-preview:large","max-video-preview":"max-video-preview:-1"},"canonical":"https:\/\/osteopathe-barral-franconville.com\/index.php\/traitement-du-rhumatisme-a-franconville-dans-le-valdoise\/","og_locale":"fr_FR","og_type":"article","og_title":"Un ost\u00e9opathe prend en charge des personnes ag\u00e9es et traitement du rhumatisme \u00e0 Franconville. -","og_description":"L'ost\u00e9opathe peut prendre en charge les personnes ag\u00e9es. Le temps fragilise et ces bienfaits en sont d'autant plus appr\u00e9ciables","og_url":"https:\/\/osteopathe-barral-franconville.com\/index.php\/traitement-du-rhumatisme-a-franconville-dans-le-valdoise\/","article_modified_time":"2022-08-23T15:39:41+00:00","og_image":[{"url":"https:\/\/osteopathe-barral-franconville.com\/wp-content\/uploads\/2022\/07\/seniors-1024x683.jpg","type":"","width":"","height":""}],"twitter_card":"summary_large_image","twitter_misc":{"Dur\u00e9e de lecture estim\u00e9e":"3 minutes"},"schema":{"@context":"https:\/\/schema.org","@graph":[{"@type":"WebPage","@id":"https:\/\/osteopathe-barral-franconville.com\/index.php\/traitement-du-rhumatisme-a-franconville-dans-le-valdoise\/","url":"https:\/\/osteopathe-barral-franconville.com\/index.php\/traitement-du-rhumatisme-a-franconville-dans-le-valdoise\/","name":"Un ost\u00e9opathe prend en charge des personnes ag\u00e9es et traitement du rhumatisme \u00e0 Franconville. -","isPartOf":{"@id":"https:\/\/osteopathe-barral-franconville.com\/#website"},"primaryImageOfPage":{"@id":"https:\/\/osteopathe-barral-franconville.com\/index.php\/traitement-du-rhumatisme-a-franconville-dans-le-valdoise\/#primaryimage"},"image":{"@id":"https:\/\/osteopathe-barral-franconville.com\/index.php\/traitement-du-rhumatisme-a-franconville-dans-le-valdoise\/#primaryimage"},"thumbnailUrl":"https:\/\/osteopathe-barral-franconville.com\/wp-content\/uploads\/2022\/07\/seniors-1024x683.jpg","datePublished":"2022-07-19T16:00:44+00:00","dateModified":"2022-08-23T15:39:41+00:00","description":"L'ost\u00e9opathe peut prendre en charge les personnes ag\u00e9es. Le temps fragilise et ces bienfaits en sont d'autant plus appr\u00e9ciables","breadcrumb":{"@id":"https:\/\/osteopathe-barral-franconville.com\/index.php\/traitement-du-rhumatisme-a-franconville-dans-le-valdoise\/#breadcrumb"},"inLanguage":"fr-FR","potentialAction":[{"@type":"ReadAction","target":["https:\/\/osteopathe-barral-franconville.com\/index.php\/traitement-du-rhumatisme-a-franconville-dans-le-valdoise\/"]}]},{"@type":"ImageObject","inLanguage":"fr-FR","@id":"https:\/\/osteopathe-barral-franconville.com\/index.php\/traitement-du-rhumatisme-a-franconville-dans-le-valdoise\/#primaryimage","url":"https:\/\/osteopathe-barral-franconville.com\/wp-content\/uploads\/2022\/07\/seniors-1024x683.jpg","contentUrl":"https:\/\/osteopathe-barral-franconville.com\/wp-content\/uploads\/2022\/07\/seniors-1024x683.jpg"},{"@type":"BreadcrumbList","@id":"https:\/\/osteopathe-barral-franconville.com\/index.php\/traitement-du-rhumatisme-a-franconville-dans-le-valdoise\/#breadcrumb","itemListElement":[{"@type":"ListItem","position":1,"name":"Accueil","item":"https:\/\/osteopathe-barral-franconville.com\/"},{"@type":"ListItem","position":2,"name":"Un ost\u00e9opathe prend en charge des personnes ag\u00e9es et traitement du rhumatisme \u00e0 Franconville."}]},{"@type":"WebSite","@id":"https:\/\/osteopathe-barral-franconville.com\/#website","url":"https:\/\/osteopathe-barral-franconville.com\/","name":"","description":"","potentialAction":[{"@type":"SearchAction","target":{"@type":"EntryPoint","urlTemplate":"https:\/\/osteopathe-barral-franconville.com\/?s={search_term_string}"},"query-input":{"@type":"PropertyValueSpecification","valueRequired":true,"valueName":"search_term_string"}}],"inLanguage":"fr-FR"}]}},"_links":{"self":[{"href":"https:\/\/osteopathe-barral-franconville.com\/index.php\/wp-json\/wp\/v2\/pages\/200","targetHints":{"allow":["GET"]}}],"collection":[{"href":"https:\/\/osteopathe-barral-franconville.com\/index.php\/wp-json\/wp\/v2\/pages"}],"about":[{"href":"https:\/\/osteopathe-barral-franconville.com\/index.php\/wp-json\/wp\/v2\/types\/page"}],"author":[{"embeddable":true,"href":"https:\/\/osteopathe-barral-franconville.com\/index.php\/wp-json\/wp\/v2\/users\/1"}],"replies":[{"embeddable":true,"href":"https:\/\/osteopathe-barral-franconville.com\/index.php\/wp-json\/wp\/v2\/comments?post=200"}],"version-history":[{"count":3,"href":"https:\/\/osteopathe-barral-franconville.com\/index.php\/wp-json\/wp\/v2\/pages\/200\/revisions"}],"predecessor-version":[{"id":355,"href":"https:\/\/osteopathe-barral-franconville.com\/index.php\/wp-json\/wp\/v2\/pages\/200\/revisions\/355"}],"wp:attachment":[{"href":"https:\/\/osteopathe-barral-franconville.com\/index.php\/wp-json\/wp\/v2\/media?parent=200"}],"curies":[{"name":"wp","href":"https:\/\/api.w.org\/{rel}","templated":true}]}}